
List the prime factors of 3764.
2, 941
List the prime factors of 12779.
13, 983
List the prime factors of 2769.
3, 13, 71
List the prime factors of 4415.
5, 883
List the prime factors of 14804.
2, 3701
List the prime factors of 8612.
2, 2153
List the prime factors of 20029.
20029
List the prime factors of 2908.
2, 727
What are the prime factors of 130731?
3, 43577
What are the prime factors of 909?
3, 101
List the prime factors of 29883.
3, 7, 1423
List the prime factors of 145122.
2, 3, 19, 67
What are the prime factors of 4064?
2, 127
List the prime factors of 2259.
3, 251
List the prime factors of 244.
2, 61
What are the prime factors of 3107?
13, 239
List the prime factors of 7613.
23, 331
List the prime factors of 2770.
2, 5, 277
What are the prime factors of 953?
953
List the prime factors of 309.
3, 103
What are the prime factors of 19382?
2, 11, 881
What are the prime factors of 23582?
2, 13, 907
What are the prime factors of 4222?
2, 2111
What are the prime factors of 16265?
5, 3253
What are the prime factors of 3176?
2, 397
What are the prime factors of 2991?
3, 997
What are the prime factors of 145?
5, 29
List the prime factors of 262.
2, 131
List the prime factors of 28121.
61, 461
What are the prime factors of 4426?
2, 2213
List the prime factors of 10913.
7, 1559
What are the prime factors of 138?
2, 3, 23
What are the prime factors of 1382?
2, 691
List the prime factors of 10224.
2, 3, 71
List the prime factors of 3125.
5
What are the prime factors of 160504?
2, 20063
What are the prime factors of 5411?
7, 773
List the prime factors of 2459.
2459
List the prime factors of 9384.
2, 3, 17, 23
What are the prime factors of 124?
2, 31
What are the prime factors of 73?
73
What are the prime factors of 2736?
2, 3, 19
What are the prime factors of 38484?
2, 3, 1069
What are the prime factors of 117868?
2, 79, 373
List the prime factors of 103839.
3, 34613
List the prime factors of 887.
887
What are the prime factors of 538?
2, 269
What are the prime factors of 101255?
5, 7, 11, 263
List the prime factors of 4074.
2, 3, 7, 97
What are the prime factors of 9332?
2, 2333
What are the prime factors of 4123?
7, 19, 31
What are the prime factors of 70691?
223, 317
What are the prime factors of 2358?
2, 3, 131
List the prime factors of 11555.
5, 2311
What are the prime factors of 23760?
2, 3, 5, 11
List the prime factors of 197719.
163, 1213
List the prime factors of 961.
31
What are the prime factors of 6044?
2, 1511
List the prime factors of 15014.
2, 7507
What are the prime factors of 42721?
7, 17, 359
List the prime factors of 3587.
17, 211
What are the prime factors of 60015?
3, 5, 4001
What are the prime factors of 4168?
2, 521
What are the prime factors of 1486?
2, 743
List the prime factors of 88202.
2, 44101
What are the prime factors of 15532?
2, 11, 353
List the prime factors of 6145.
5, 1229
List the prime factors of 416.
2, 13
What are the prime factors of 4629?
3, 1543
List the prime factors of 137353.
137353
List the prime factors of 2243.
2243
What are the prime factors of 323?
17, 19
List the prime factors of 27003.
3, 9001
What are the prime factors of 1198?
2, 599
What are the prime factors of 2574?
2, 3, 11, 13
List the prime factors of 125188.
2, 7, 17, 263
List the prime factors of 2399.
2399
List the prime factors of 14307.
3, 19, 251
List the prime factors of 4785.
3, 5, 11, 29
List the prime factors of 23503.
19, 1237
List the prime factors of 1966.
2, 983
What are the prime factors of 1218?
2, 3, 7, 29
List the prime factors of 32780.
2, 5, 11, 149
What are the prime factors of 2049?
3, 683
List the prime factors of 57793.
57793
What are the prime factors of 60174?
2, 3, 3343
List the prime factors of 435.
3, 5, 29
What are the prime factors of 13502?
2, 43, 157
What are the prime factors of 48362?
2, 24181
List the prime factors of 4036.
2, 1009
What are the prime factors of 11981?
11981
List the prime factors of 9294.
2, 3, 1549
What are the prime factors of 20710?
2, 5, 19, 109
List the prime factors of 7097.
47, 151
List the prime factors of 12160.
2, 5, 19
What are the prime factors of 3777?
3, 1259
List the prime factors of 5346.
2, 3, 11
What are the prime factors of 4000?
2, 5
What are the prime factors of 7469?
7, 11, 97
List the prime factors of 14893.
53, 281
What are the prime factors of 5018?
2, 13, 193
What are the prime factors of 1433?
1433
What are the prime factors of 15144?
2, 3, 631
List the prime factors of 9462.
2, 3, 19, 83
What are the prime factors of 11117?
11117
What are the prime factors of 462?
2, 3, 7, 11
List the prime factors of 947.
947
List the prime factors of 96881.
19, 5099
What are the prime factors of 4755?
3, 5, 317
List the prime factors of 102775.
5, 4111
List the prime factors of 2262.
2, 3, 13, 29
What are the prime factors of 1357?
23, 59
List the prime factors of 746.
2, 373
List the prime factors of 46671.
3, 47, 331
What are the prime factors of 99151?
13, 29, 263
List the prime factors of 9187.
9187
List the prime factors of 48920.
2, 5, 1223
List the prime factors of 20332.
2, 13, 17, 23
List the prime factors of 8431.
8431
List the prime factors of 6360.
2, 3, 5, 53
What are the prime factors of 1039?
1039
What are the prime factors of 3961?
17, 233
List the prime factors of 23869.
23869
List the prime factors of 23737.
7, 3391
List the prime factors of 1347.
3, 449
What are the prime factors of 2720?
2, 5, 17
List the prime factors of 10763.
47, 229
What are the prime factors of 30097?
30097
What are the prime factors of 5865?
3, 5, 17, 23
List the prime factors of 5563.
5563
What are the prime factors of 679?
7, 97
List the prime factors of 44493.
3, 14831
List the prime factors of 843.
3, 281
List the prime factors of 1044.
2, 3, 29
List the prime factors of 24896.
2, 389
What are the prime factors of 628?
2, 157
What are the prime factors of 9707?
17, 571
What are the prime factors of 12435?
3, 5, 829
List the prime factors of 22482.
2, 3, 1249
List the prime factors of 626.
2, 313
What are the prime factors of 12328?
2, 23, 67
What are the prime factors of 191?
191
List the prime factors of 9757.
11, 887
What are the prime factors of 19?
19
What are the prime factors of 596?
2, 149
What are the prime factors of 104788?
2, 17, 23, 67
List the prime factors of 2835.
3, 5, 7
List the prime factors of 639.
3, 71
List the prime factors of 8481.
3, 11, 257
List the prime factors of 16908.
2, 3, 1409
List the prime factors of 161526.
2, 3, 26921
List the prime factors of 135953.
23, 257
List the prime factors of 1989.
3, 13, 17
List the prime factors of 1568.
2, 7
What are the prime factors of 90573?
3, 7, 19, 227
List the prime factors of 3323.
3323
List the prime factors of 3935.
5, 787
List the prime factors of 355.
5, 71
What are the prime factors of 7286?
2, 3643
What are the prime factors of 2503?
2503
List the prime factors of 27559.
7, 31, 127
What are the prime factors of 4942?
2, 7, 353
List the prime factors of 2321.
11, 211
List the prime factors of 984.
2, 3, 41
List the prime factors of 27914.
2, 17, 821
What are the prime factors of 1397?
11, 127
List the prime factors of 25887.
3, 8629
List the prime factors of 2427.
3, 809
List the prime factors of 7524.
2, 3, 11, 19
List the prime factors of 300.
2, 3, 5
List the prime factors of 5104.
2, 11, 29
List the prime factors of 2282.
2, 7, 163
List the prime factors of 2432.
2, 19
What are the prime factors of 2432?
2, 19
List the prime factors of 4025.
5, 7, 23
What are the prime factors of 861?
3, 7, 41
What are the prime factors of 1327?
1327
List the prime factors of 49877.
49877
What are the prime factors of 762?
2, 3, 127
What are the prime factors of 4644?
2, 3, 43
List the prime factors of 137.
137
What are the prime factors of 3534?
2, 3, 19, 31
What are the prime factors of 17900?
2, 5, 179
What are the prime factors of 153?
3, 17
What are the prime factors of 1753?
1753
List the prime factors of 10903.
10903
What are the prime factors of 40017?
3, 13339
What are the prime factors of 80552?
2, 10069
What are the prime factors of 24778?
2, 13, 953
List the prime factors of 38455.
5, 7691
List the prime factors of 1270.
2, 5, 127
What are the prime factors of 4339?
4339
What are the prime facto